{"id":735,"date":"2018-05-22T13:21:24","date_gmt":"2018-05-22T13:21:24","guid":{"rendered":"https:\/\/matchthemes.com\/demowp\/caverta\/?page_id=735"},"modified":"2026-02-04T11:32:45","modified_gmt":"2026-02-04T11:32:45","slug":"menus","status":"publish","type":"page","link":"https:\/\/www.lamasiadelaxesca.com\/index.php\/menus\/","title":{"rendered":"Men\u00fas"},"content":{"rendered":"<h4 style=\"text-align: center;\">Men\u00fa del dia<\/h4>\n<p>Primer plat (a escollir), segon plat (a escollir), postre, pa, beguda, amanida.\u00a0<\/p>\n<p style=\"text-align: center;\"><strong>Preu: 16.95\u20ac IVA incl\u00f2s<br \/><\/strong><em>(De dilluns a divendres &#8211; Excepte festius)<\/em><\/p>\n<p style=\"text-align: center;\"><a href=\"\/index.php\/menu-del-dia\/\">Veure men\u00fa<\/a><\/p>\n<h4 style=\"text-align: center;\">Men\u00fa nit<\/h4>\n<p>Primer plat, segon plat (a escollir), postres i beguda (a escollir)\u00a0<\/p>\n<p style=\"text-align: center;\"><strong>Preu i men\u00fa a consultar<br \/><\/strong><em>(De dilluns a diumenge)<\/em><\/p>\n<h4 style=\"text-align: center;\">Men\u00fa cap de setmana<\/h4>\n<p>Primer plat, segon plat, postres i beguda (a escollir).\u00a0<\/p>\n<p style=\"text-align: center;\"><strong>Preu: 37.90\u20ac IVA incl\u00f2s<\/strong><\/p>\n<p style=\"text-align: center;\"><a href=\"\/menus\/MenuCapSetmana.pdf\">Veure men\u00fa<\/a><\/p>\n<h4 style=\"text-align: center;\">Men\u00fa per a grups i empreses<\/h4>\n<p>Men\u00fas especials per a grups i empreses.<br \/>Fins 25\/30 comensals.\u00a0<br \/>Per m\u00e9s comensals consultar.\u00a0\u00a0<\/p>\n<p style=\"text-align: center;\"><a href=\"\/index.php\/menu-per-a-grups\/\" data-wplink-edit=\"true\">Veure men\u00fas<\/a><\/p>\n<h4 style=\"text-align: center;\">Men\u00fa cal\u00e7otada<\/h4>\n<p>Primer plat, segon plat, postres i beguda (a escollir).\u00a0<\/p>\n<p style=\"text-align: center;\"><strong>Preu: 40,00\u20ac IVA incl\u00f2s<br \/><\/strong><\/p>\n<p style=\"text-align: center;\"><a href=\"https:\/\/www.lamasiadelaxesca.com\/menus\/Calcotada.pdf\" data-wplink-edit=\"true\">Veure men\u00fa<\/a><\/p>\n","protected":false},"excerpt":{"rendered":"<p>Men\u00fa del dia Primer plat (a escollir), segon plat (a escollir), postre, pa, beguda, amanida.\u00a0 Preu: 16.95\u20ac IVA incl\u00f2s(De dilluns a divendres &#8211; Excepte festius) Veure men\u00fa Men\u00fa nit Primer plat, segon plat (a escollir), postres i beguda (a escollir)\u00a0 Preu i men\u00fa a consultar(De dilluns a diumenge) Men\u00fa cap de setmana Primer plat, segon plat, postres i beguda (a&#8230;<\/p>\n","protected":false},"author":1,"featured_media":1061,"parent":0,"menu_order":0,"comment_status":"closed","ping_status":"closed","template":"my-templates\/template-fullwidth.php","meta":{"footnotes":""},"class_list":["post-735","page","type-page","status-publish","has-post-thumbnail","hentry"],"_links":{"self":[{"href":"https:\/\/www.lamasiadelaxesca.com\/index.php\/wp-json\/wp\/v2\/pages\/735","targetHints":{"allow":["GET"]}}],"collection":[{"href":"https:\/\/www.lamasiadelaxesca.com\/index.php\/wp-json\/wp\/v2\/pages"}],"about":[{"href":"https:\/\/www.lamasiadelaxesca.com\/index.php\/wp-json\/wp\/v2\/types\/page"}],"author":[{"embeddable":true,"href":"https:\/\/www.lamasiadelaxesca.com\/index.php\/wp-json\/wp\/v2\/users\/1"}],"replies":[{"embeddable":true,"href":"https:\/\/www.lamasiadelaxesca.com\/index.php\/wp-json\/wp\/v2\/comments?post=735"}],"version-history":[{"count":48,"href":"https:\/\/www.lamasiadelaxesca.com\/index.php\/wp-json\/wp\/v2\/pages\/735\/revisions"}],"predecessor-version":[{"id":65283,"href":"https:\/\/www.lamasiadelaxesca.com\/index.php\/wp-json\/wp\/v2\/pages\/735\/revisions\/65283"}],"wp:featuredmedia":[{"embeddable":true,"href":"https:\/\/www.lamasiadelaxesca.com\/index.php\/wp-json\/wp\/v2\/media\/1061"}],"wp:attachment":[{"href":"https:\/\/www.lamasiadelaxesca.com\/index.php\/wp-json\/wp\/v2\/media?parent=735"}],"curies":[{"name":"wp","href":"https:\/\/api.w.org\/{rel}","templated":true}]}}